h). Give a(2).
-3
Let z(r) = 22*r - 18. Let u(l) = -10*l + 12. Let v(h) = 5*u(h) + 2*z(h). Calculate v(15).
-66
Let t(v) = 6*v**3 + 21*v**2 + v - 3. Let g(f) = f**3 + 4*f**2 + 2*f - 1. Let o(x) = -5*g(x) + t(x). Give o(2).
-4
Let a(h) be the third derivative of h**7/840 - h**6/40 + 7*h**5/120 - 203*h**3/6 + 20*h**2 + 3. Let d(v) be the first derivative of a(v). Determine d(7).
-49
Let o be 10/15 - (-14 - 1105/(-51)). Let g(q) be the second derivative of -q**5/20 - 7*q**4/12 - q**3/2 - 3*q**2/2 - 2*q. What is g(o)?
18
Let h(k) = -2*k**2 + 10*k + 7. Let a = -7772 - -7771. What is h(a)?
-5
Let p(w) = w + 2. Let y(k) = k**2 - 6*k + 2. Let j be y(6). Let z be -1 - j - -2 - -1. Suppose z = v - 2*a + 11, -a + 3 = -3*v - 20. What is p(v)?
-5
Let x(z) = 2*z**3 + 119*z**2 - 15. Let s(p) = -p**3 - 64*p**2 - p + 8. Let q(u) = 11*s(u) + 6*x(u). What is q(-11)?
-2
Let d(p) = p**2 + 20*p + 68. Let u be d(-16). Let b(m) = -u - 6*m + 8*m**2 - 3 - 7*m**3 + 2*m**3 + 4*m**3. What is b(7)?
0
Let v(d) = -4*d. Let y(m) = -m**2 + 3*m + 12. Let j be y(-3). Let s be 4 - ((-18)/6 - j). Determine v(s).
-4
Let h(c) = -c**2 - 10*c + 133. Let t be h(8). Let l(a) = -a**2 - 7*a - 11. Determine l(t).
-55
Let q be -3 + 3 + -3 - -11. Let j(p) = -25*p + 11. Let z(g) = -58*g + 26. Let w(u) = 7*j(u) - 3*z(u). Calculate w(q).
-9
Suppose -304 = -44*d + 6*d. Let y(u) be the second derivative of u**5/20 - 2*u**4/3 + u**3/6 - 5*u**2/2 - 25*u - 1. Determine y(d).
3
Let i = 1 - 5. Suppose 15 = -2*t + 21. Let h(o) = t - 1 + o**2 + 3*o**2 - 67*o**3 + o + 68*o**3. Calculate h(i).
-2
Let y(w) = -115*w - 48. Let z(b) = 176*b + 47. Let p(r) = 3*y(r) + 2*z(r). What is p(7)?
-1
Let j(a) = 3*a**2 - a - 11. Let z be j(0). Let r = z + 15. Let b(u) = 2*u**2 - 2*u - 3*u**2 - 3 + 2. Calculate b(r).
-25
Suppose 12 = -3*d, -3*a - a - 12 = 5*d. Let o(j) = 8*j - 87*j**a - j**3 + 45*j**2 + 3 + 39*j**2. Calculate o(-5).
13
Let o(d) be the first derivative of -4*d**2 + 39*d - 90. Determine o(14).
-73
Let q(k) be the second derivative of -7*k**3/6 + 3*k**2/2 - 12627*k. Suppose -3*l + m + 7 + 8 = 0, -2*m - 6 = 0. Determine q(l).
-25
Let j(h) = -4*h - 3. Let y = 25 - 18. Suppose -4*n - z - y = 0, -2*n + 5 = 2*n - 3*z. Let v be -3 + n/(-4 + 3). What is j(v)?
5
Let m(d) = 7*d + 1. Let b = 115 + -109. Suppose -3*g + b*c - 7*c + 2 = 0, -9 = -4*g + 5*c. Calculate m(g).
8
Suppose 0 = -a - 3*z + 4*z + 6, 3*a + 2 = -2*z. Let y(k) = -5 + 7 + k**a + 6*k + 3 - 5*k**2 - k**3. Calculate y(-4).
-19
Let h(u) = -6 + 139*u - 52*u - 7*u**2 - u**3 - 87*u. Suppose -4*c = 4*s + 40, 2*c - 3*s - 2*s - 1 = 0. Calculate h(c).
-6
Suppose -2*q = -2*c + 1062, 16*q = c + 13*q - 531. Let t = c + -528. Let r(g) = 3*g - 5. Give r(t).
4
Let l(m) = -296 + 0*m**2 + 259 + 21*m - m**2 + 3*m**2 - 3*m**2. Determine l(18).
17
Let t(u) = -6 - 8*u + 3*u + 42 - 35. Determine t(-1).
6
Let u(r) be the third derivative of -r**5/20 + 5*r**4/24 + 7*r**3/6 + 34*r**2 - 2*r + 4. Determine u(3).
-5
Let o(d) = 15*d - 39. Suppose 0 = -3*u + 2*t + 11, 3 = -u + 2*t + 4. Let p be o(u). Suppose -p + 28 = -4*y. Let c(l) = 4*l + 1. Calculate c(y).
9
Let m(u) = -3*u - 1. Let w be (0 + (-16)/(-5))/((-12)/30). Let j(f) = -9*f - 1. Let g(i) = w*m(i) + 3*j(i). Calculate g(6).
-13
Let h(b) be the second derivative of -29*b**3/3 - 117*b**2/2 + 689*b. Determine h(-2).
-1
Let c(x) = 9*x**2 + 64*x + 8. Suppose -14*d = -26 + 124. Determine c(d).
1
Let l(d) = d**2 - 11*d - 47. Let b(k) = -4*k**2 + 43*k + 185. Let q(g) = -6*b(g) - 23*l(g). Give q(-3).
-5
Let i be (1/(-4))/(7/(-84)) - (-9 - 0). Let c(o) = o**3 - 13*o**2 + 11*o + 29. What is c(i)?
17
Let c(y) = 2*y**3 - 5*y**2 - 8*y + 1. Let n(v) = -v**3 + v - 1. Let f(p) = -c(p) - 3*n(p). Suppose 5*i - 2*b + 7*b = -5, 29 = -5*i + 3*b. What is f(i)?
-2
Let y(v) = 3*v + 99. Suppose 0 = -2*i + 4*c - 82, 111*i + 21 = 110*i - 2*c. Give y(i).
6
Let g(s) be the second derivative of 1/360*s**6 + 3/2*s**3 - 1/24*s**4 + 0 - 8*s + 0*s**5 + 0*s**2. Let h(t) be the second derivative of g(t). Determine h(0).
-1
Let o(t) = 11*t - 32. Let g(i) = -4*i + 11. Let x(r) = -8*g(r) - 3*o(r). Suppose -p + 327 = 4*h + 308, 3 = h + 2*p. Calculate x(h).
3
Let b(g) = -g**2 - 7*g - 4. Let o = -244 + 254. Suppose 4*s = -n - 2, -4*s = 7*n - o*n - 22. Determine b(n).
2
Let v be 14/70 - 9/(-5). Suppose v*n - 337 = 337. Let g(a) = n - 4*a**2 + 3*a**2 - 6*a - 329. Calculate g(-7).
1
Let r(v) = 8*v + 2 - v**3 + 2*v**3 + 913*v**2 - 906*v**2. Let p = 364 + -370. What is r(p)?
-10
Let y(t) = -t + 14. Let x be 2/(-12) - ((-51865)/(-138))/(-41). What is y(x)?
5
Let o be (-44)/(-7) + 120/(-420). Let p be 14/4 - (-6)/12. Let v(n) = 4 + p*n + 2 - 2*n. Calculate v(o).
18
Let w(z) = z**2 - 3*z + 3. Let c be w(2). Let n be (30/4)/5 - c/(-2). Let l(x) = 0*x**2 - 6*x - 4 + 2*x**n + 9 - 3*x**2. Determine l(-6).
5
Suppose -5*o + 32 = 4*l, -3*l - 924 + 933 = 0. Let b(i) be the second derivative of i**4/12 - i**3/6 + 3*i**2/2 + i. What is b(o)?
15
Let y(q) = -q**2 - 6*q + 2. Suppose 0 = 26*t + 14 + 38. Let s be -14 - -16 - (5 - t - 1). Determine y(s).
10
Let h(r) = -2682*r - 12*r**3 + 2682*r - 3 + 2. Let n(k) = k**2 - 4*k - 6. Suppose 4*i - 13 = 7. Let w be n(i). Give h(w).
11
Let t(k) be the first derivative of -k**2/2 + 36*k - 773. Determine t(19).
17
Let m(o) = -o**3 + 9*o**2 - 7*o - 2. Let d be m(8). Suppose -d*a - 3*a + 54 = 0. Let x(z) = -z + 1. Let k(j) = -5*j + 4. Let q(c) = k(c) - 6*x(c). Give q(a).
4
Let c be ((-294)/(-245))/(2/5). Let w be 300/90*c*2/(-5). Let f(a) = -2*a**2 - 3*a + 3. Determine f(w).
-17
Let n(s) = -3*s**2 + 29*s - 97. Let u(o) = 15*o**2 - 146*o + 501. Let l(z) = -21*n(z) - 4*u(z). Give l(6).
-9
Let s(t) = -2*t**2 + 2*t + 10. Let p be s(4). Let u(o) = -o**2 - 19*o - 16. What is u(p)?
54
Let j(i) be the first derivative of 266*i**2 - 133*i**2 - 73 + 2*i - 134*i**2. Determine j(-5).
12
Let o = 1636 + -1636. Let t(h) be the third derivative of 1/8*h**4 + o*h - 11*h**2 + 0 + 1/6*h**3. What is t(1)?
4
Let b = 34353 + -34357. Let r(d) = -2*d**3 - 5*d**2 + 3*d - 4. Give r(b).
32
Let g(k) be the first derivative of -9*k**2/2 - 4*k - 2219. Calculate g(1).
-13
Let i(a) = -24*a - 662. Suppose -4*r - 1965 = -4*q - 2041, 4*q + 157 = -5*r. Determine i(q).
10
Let q be (-9)/(-3) - (0 + 2). Suppose 2*n = n - q. Let m(b) = -18 + 5490*b**3 - b + b**2 - 5466*b**3 + 17. Determine m(n).
-23
Let m be (-1934)/(-12) - 120/720. Let g(j) = -8 - 91*j + m*j - 79*j. Calculate g(-2).
10
Let y be (1003/(-34) - -29)/((-2)/52). Let m(i) = 7*i - 93. What is m(y)?
-2
Suppose -3*z = m - 3 + 6, 2*m = 2*z - 6. Suppose z = -u - 24 - 4. Let v = u + 24. Let b(h) = -h**2 - 3*h. Calculate b(v).
-4
Let z = -39 - -37. Let n be (-4 - -14)*z/((-8)/10). Suppose 26*u + 2 = n*u. Let g(j) = j**2 + 6*j + 3. Give g(u).
-5
Let z(b) = -b**2 - 4*b - 8. Suppose -15*d + 1755 = -6*d. Let c = -201 + d. Give z(c).
-20
Let i(t) = 79*t - 4*t**2 - 567 - t**3 - 74*t + 577. Give i(-4).
-10
Let b = -459 - -461. Let r(j) = 14 + 0*j**b + j**2 - j**3 - 21 + 3*j + 4*j**2. Let x = -7 - -12. What is r(x)?
8
Let v(q) = q**2 - 4*q + 6. Suppose -7*k - 176 = -11*k. Let d = 33 - k. Let b = 15 + d. Determine v(b).
6
Let a(u) = -8*u**2 + 24*u - 19. Let d be a(2). Let w(m) = -8*m - 15. Determine w(d).
9
Let t(o) = 6*o**3 + 5*o**2 + 6*o - 2. Suppose 19 - 11 = 8*l. Let s(v) = v**3 + v**2 + 2*v - 1. Let y(a) = l*t(a) - 3*s(a). Give y(-2).
-15
Let p(s) = s**2 - 8 - 4*s - 7 + 31*s - 17*s + 4. Let a be (11/3)/(1/(-3)). Let x be p(a). Let l(o) = o - 10. Determine l(x).
-10
Let i(f) = 426*f**2 - 216*f**2 + f**3 - 219*f**2 + 5 - 19*f + 0. Calculate i(11).
38
Let h be (-24)/(-16) + (-74)/4. Let a = 17 + h. Let b(k) be the third derivative of -k**6/120 + k**5/60 - k**3/3 + 21*k**2. Calculate b(a).
-2
Let t(j) = j**3 + 6*j**2 + 6*j - 6. Let i(f) = 68*f - 6. Let w be i(-1). Let l = -131 - w. Let r = l - -52. Calculate t(r).
-11
Let d(i) = -34 - 2*i**2 + 5 + 2267729*i - 2267706*i + 3*i**2. Let u = 25 - 49. Determine d(u).
-5
Let s = 4851 - 4839. Let w(f) = -f + 8. What is w(s)?
-4
Let s(i) = -i**3 + 5*i**2 + 5*i + 2. Let q(z) = z + 9. Suppose -11*d = -8*d - 18. Let h be q(d). Suppose -h = -5*k, -5*r - 3*k + 5*k = -24. Determine s(r).
-4
Let o be 848/10 + (-6)/(-30). Let m(f) = f**3 + 3*f**2 - 10*f - 7. Let b be m(-4). Let q be (-1 + (-7)/(-5))*o/b